en b is divided by 36?
28
Let d be 177294/390 + -1*(-3)/(-5). Suppose 22*q + 124 = d. Calculate the remainder when 43 is divided by q.
13
Suppose 0 = -3*k - x - 7, k - 4*x - 4 = -2. Suppose -5*h = -3*o - 10 + 27, 5*h + 2*o - 3 = 0. What is the remainder when 45 is divided by (2 - -4)/(h/k)?
9
Let o = 7161 - 7083. What is the remainder when 260 is divided by o?
26
Let f(p) = p**2 - 3*p. Let r be 16/(-12)*-1*(3 - 0). Let m be f(r). Suppose -n + 0*h - m*h = -3, -h = 2*n - 6. Calculate the remainder when 7 is divided by n.
1
Let m(z) = -z**3 + 17*z**2 - z + 16. Let n be m(17). Let u(x) = -22*x - 3. Calculate the remainder when 108 is divided by u(n).
13
What is the remainder when 1871 is divided by ((-3312)/(-230))/(((-4)/2)/(-10))?
71
Suppose -3*y = -2*x - 5*y - 34, x - 5*y = -23. Let g(d) = -2*d - 24. Calculate the remainder when 29 is divided by g(x).
5
Suppose 3*c - 5*y - 137 = 0, -4*y + 140 = 15*c - 11*c. Let n = -171 - -286. Calculate the remainder when n is divided by c.
37
Let s = 29 - 13. Calculate the remainder when 1 - ((-9702)/90 - (-1)/(-5)) is divided by s.
13
Let t be 4 + (-4)/(-4) - 2. Let s be (-1)/((-1)/(15/t)). Suppose 0*a + 3*j = 3*a - 36, 0 = 4*a + s*j - 12. What is the remainder when 15 is divided by a?
7
Calculate the remainder when 385 is divided by (-49)/((-686)/2268) + 3 + 0.
55
Let c = 1120 - 588. Suppose 0 = 8*v + 36 - c. What is the remainder when 618 is divided by v?
60
Suppose p - 6565 = -6398. Calculate the remainder when 472 is divided by p.
138
Calculate the remainder when ((-8)/(-6))/(12/12069) is divided by 440.
21
Let x(t) = -t**3 + 4*t**2 + 5. Suppose -1637 = 2*i + k - 1682, 2*k = -3*i + 66. Calculate the remainder when i is divided by x(4).
4
Suppose -14*m + 5160 = 16*m. Suppose -497 = -13*o - m. Let p = 129 - 35. Calculate the remainder when p is divided by o.
19
Suppose 185 + 499 = -9*s. Let m = 9 - s. Calculate the remainder when m is divided by 8.
5
Suppose -24 = -2*m - 6*x + x, -2*m + x = 0. Let q be (m + -6 + 2)*-499. Calculate the remainder when 3 + (30/(-40) - q/(-8)) is divided by 26.
23
Let y = -12908 + 12920. Let w = 68 + -33. Suppose 0*u + w = u. Calculate the remainder when u is divided by y.
11
What is the remainder when 12 + -34 + 14 + 159 is divided by 110?
41
Let j be -1*(-4 - 200)/1. Suppose 3*b - j = 3*r, -b - 4*r - 206 = -4*b. What is the remainder when b is divided by 14?
10
Suppose 256*y = 944*y - 13632 - 12512. What is the remainder when 330 is divided by y?
26
Let h(o) = o**3 - 19*o**2 - 47*o + 199. Calculate the remainder when 3754 is divided by h(21).
88
Suppose 0 = 14*f - 1292 + 452. What is the remainder when 389 is divided by f?
29
Let y(o) = -o**2 + 83*o - 133. What is the remainder when y(80) is divided by 5?
2
Suppose 21 = k - 3*d, 13*k - 72 = 8*k + 4*d. Suppose -8 = -f - 3*i, -f + k*i - 14*i + 10 = 0. What is the remainder when 64 is divided by f?
8
Let d = -119 + 328. Let z = d - 140. Let q = 14 + z. What is the remainder when q is divided by 21?
20
Let u = 33 + 142. Let g = u + -158. Calculate the remainder when 287 is divided by g.
15
Suppose -125 = -40*s + 115. Suppose 4*b = -16, -s*k + 44 = -4*k - b. Calculate the remainder when 57 is divided by k.
17
Suppose -112 + 13 = -3*a. Suppose 0 = 12*k - 627 - a. Suppose q = 6*q - 5*w - k, w = 5*q - 39. What is the remainder when q is divided by 4?
3
Suppose 0 = 22*z - 69 + 3. Suppose -z*w + 53 = -4*b, -4*b + 45 = 5*w - 22. Calculate the remainder when 35 is divided by w.
5
Let g be (16 - 11)*422/10. Let p = g + -195. What is the remainder when 254 is divided by p?
14
Let d(q) = q**3 - 9*q**2 - 10*q - 7. Let g be d(10). Suppose -5*r + 0 = 10. What is the remainder when 92 is divided by ((-38)/5)/(r*g/(-35))?
16
Let q(g) = g**2 + 8*g - 44. Let i be q(-12). Suppose -i*d + 152 = 2*y, -4*y + 76 = 2*d - 0. Calculate the remainder when 796 is divided by d.
36
Suppose -36 = -5*n + 74. Suppose -11*f + 12*f - 28 = 0. Suppose 0 = -f*x + 24*x + 344. Calculate the remainder when x is divided by n.
20
Suppose 5*p - g - 151 + 48 = 0, -2*p = 3*g - 31. What is the remainder when 98 is divided by 29/29*(p + 0/2)?
18
What is the remainder when 503 is divided by 128 + -11 + 4 + -3?
31
Let y be 1*2 + -9 + -1 + 7. What is the remainder when y/(2/(-276)) + 2 is divided by 38?
26
Let v = -4034 - -4203. Let g = 16 - -27. Calculate the remainder when v is divided by g.
40
Let k = 6062 + -6009. What is the remainder when k is divided by 24?
5
Let n be (-7)/((-42)/12) + 406. Let r = n + -357. Calculate the remainder when r is divided by 13.
12
Let x(y) = -2*y**2 + 12*y + 6. Suppose -q - 42 + 52 = 0. Let g be x(q). Let c = g + 155. Calculate the remainder when c is divided by 14.
11
Let m be -5 + (-7 - -1) - (-2 + -1). Let w be (-1)/((-8)/18) - 6/m. What is the remainder when 135 is divided by (3 + 20)*-3*(-2)/w?
43
Let s(t) = 74*t**2 - 35*t + 40. Calculate the remainder when 5129 is divided by s(1).
73
Let a(y) = 40*y + 247. Calculate the remainder when a(-5) is divided by 27.
20
Suppose 0 = 5*i - 73 - 207. Let d = 59 - i. Suppose 0 = 5*w - d*y - 30, -2*w + 3*y - 7 = -2*y. Calculate the remainder when w is divided by 2.
1
Calculate the remainder when 3065 is divided by ((-426)/(-1704))/(-1 + 237/236).
56
Calculate the remainder when 336 is divided by 2194/8 + (-225)/270*12/40.
62
Suppose 0*y + y + 3 = 0. Let s(b) = -9*b + 54. Let k(a) = a - 11. Let i(d) = 24*k(d) + 5*s(d). Calculate the remainder when i(y) is divided by 10.
9
Suppose n - 42 = -2*f, 56 = n - 3*f - 1. Calculate the remainder when 59984/(-1630)*5*(1 - 2) is divided by n.
40
What is the remainder when 140 - (-9 - (-160)/(10 + 0)) is divided by 62?
9
Suppose -73 = 11*i + 279. Calculate the remainder when 297 is divided by ((-12)/i*2)/((-1)/(-20)).
12
Let x = 8347 + -8170. Suppose -s = -5*t + 295, 5*s = 4*t + s - 220. What is the remainder when x is divided by t?
57
Calculate the remainder when ((-82)/(-3))/(20/48 - 11/(-44)) is divided by 17.
7
Suppose -205*s + 456*s = 232*s + 6308. Calculate the remainder when s is divided by 79.
16
Suppose 0 = -4*g - 3*r + 33, -4*g = -3*r + 2*r - 37. Suppose -h - 3 = -2*c, -7 = c - 4*h + g. Let y = -6 + 20. Calculate the remainder when y is divided by c.
2
Let v = -513 + 769. Let a = v + -185. Calculate the remainder when a is divided by (11 + 1)*(-6)/(-8).
8
Let c(h) be the third derivative of h**6/120 - 29*h**5/60 - 2*h**4/3 - 35*h**3/3 - 2*h**2 - 26*h. What is the remainder when c(30) is divided by 22?
20
Let l be (0 + -1)*-3*896/12. Let s = 431 - l. Calculate the remainder when s is divided by 35.
32
Suppose -c = k - 1, 0 = c - 0*c + 4*k + 2. Let t = -71 + -9. Calculate the remainder when t/(-14) - -3*(-4)/(-42) is divided by c.
0
Let t = 512 + -197. Let r = t + -287. What is the remainder when r is divided by 15?
13
Let w(c) = -4*c - 6. Suppose -35*s - 18*s = -62 - 150. What is the remainder when w(-5) is divided by s?
2
Let h(b) = -b**3 + 34*b**2 - 140*b - 121. Calculate the remainder when 514 is divided by h(29).
10
Let m = -32246 + 37762. Calculate the remainder when m is divided by 184.
180
Let p(w) be the third derivative of w**5/60 + 5*w**4/8 + 9*w**3 + 112*w**2. Let b = -114 - -221. Calculate the remainder when b is divided by p(-13).
23
Suppose 0 = -k - 3*a + 2*a - 3, 5*a = -10. Let d be 42/(-18) + ((-10)/6 - k). What is the remainder when 28 is divided by (d - -14)*(-2 + 3)/1?
6
Let u be 12/(-10)*210/(-9). Let b = u - 10. Suppose j = -4, 5*y + 2*j + 40 - 462 = 0. What is the remainder when y is divided by b?
14
Suppose g - 242 = -3*j, -g = -4*j + g + 316. Calculate the remainder when j is divided by -15 + (2736 - 0)/36.
19
Let d = 8070 + -7898. Calculate the remainder when 607 is divided by d.
91
Suppose -5*k + 2*c - 2 = 0, 0*k - k - 2 = -2*c. Suppose k*t - 5*y - 82 = -t, 0 = -t - 4*y + 82. What is the remainder when t is divided by 24?
10
Suppose -10*u + 132 = -14*u. Let a = u + 25. What is the remainder when 2/4 - 332/a is divided by 11?
9
Suppose 4*u + 12 = 0, 3*y - 5*y = 4*u + 796. Let q = 423 + y. What is the remainder when 208 is divided by q?
22
Let d(v) = -4*v + 143. Suppose 0 = -4*k + 8, 8*j - 6*j - k - 30 = 0. Calculate the remainder when d(j) is divided by 23.
10
Suppose -5*a - 2*f = -4 - 8, 16 = a - 3*f. Suppose a*i + 20 = 0, 7*x